 i(-11).
3, 17
Suppose -10 = 2*l, 2*s = 3*s - 2*l - 10. Suppose s = 2*x + n + 3*n, 4*x + 2*n = 30. List the prime factors of x.
2, 5
List the prime factors of 3*((-244)/(-12) - -2).
67
Let m be (-2)/(-6) + (-28)/(-6). Suppose m = -5*n, 0*o + 5*o + 4*n - 16 = 0. List the prime factors of o.
2
Let s(a) = 10*a**2 + 0 + 6 - 7*a**2 - 2 - 4*a. List the prime factors of s(3).
19
Let c(a) = 91*a**3 - a**2 - a + 2. What are the prime factors of c(1)?
7, 13
Let x(j) = -6*j - 10 + 2*j**2 - j - j**2 + 0*j**2. Let u be x(8). Let n(k) = 3*k**2 - k + 2. What are the prime factors of n(u)?
2
Let x be 32/24*18/(-4). Let i = x + 11. List the prime factors of i.
5
Let n = -235 + 364. What are the prime factors of n?
3, 43
Let x(h) = h**2 + 6*h - 4. What are the prime factors of x(6)?
2, 17
Let t = 2 - 2. Let p be (8 + 2)*(1 + t). Suppose 3*l = f - 9, 0 = -6*f + 2*f - l + p. List the prime factors of f.
3
Let l = -56 + 34. Let c = l + 35. List the prime factors of c.
13
Let s = -15 - -6. Let u = 16 - -4. Let y = s + u. List the prime factors of y.
11
Let d(g) = 3*g**3 + 2*g**2 + 2*g + 1. Let o be d(-1). Let m = o - -4. List the prime factors of m.
2
Suppose 0 = -x + 5*b - 21, -4*x - b = 2*b - 8. Let c(q) = -7*q**3. List the prime factors of c(x).
7
Let k(l) = -l**3 - 5*l**2 + 4*l + 1. Let n be 1 + 21/((-12)/4). List the prime factors of k(n).
13
Let d = -24 + 37. What are the prime factors of d?
13
Let c be 13 + -2 + 3 + -2. Let s = -1 + c. Suppose -3*j + s - 2 = 0. List the prime factors of j.
3
Let r(a) = a**2 + 5*a + 2. Let b(v) = -v**2 - 5*v - 1. Let z(f) = 6*b(f) + 5*r(f). Let k be z(-7). List the prime factors of k/(-2) - (-5)/(-5).
2
Let q(s) = 33*s + 6. What are the prime factors of q(3)?
3, 5, 7
Suppose 0*i - 5 = -i + 3*l, 4*i - 2*l - 10 = 0. Suppose -i*m = 2*t, -2*m + 3*m = -5*t - 16. Suppose -m*b + 16 = -0*b. What are the prime factors of b?
2
Suppose 3*a + 0*c - 999 = -3*c, 4*a = -5*c + 1330. What are the prime factors of a?
5, 67
Suppose -4*o = 4*l - 40, 3 = 2*l - 7. Suppose 42 - 112 = -o*p. Suppose -3*b = -b - p. List the prime factors of b.
7
Let z(a) = 16*a. What are the prime factors of z(2)?
2
Suppose 2*j + 67 = 4*j + 5*d, 0 = 2*d - 6. List the prime factors of j.
2, 13
Let k(f) = 3*f**2 + 9*f - 8. Let y be k(-7). Suppose -21 + y = 5*w. What are the prime factors of w?
11
Suppose -2*z + 72 = 5*h, 2*z + 3*z + 4*h - 146 = 0. List the prime factors of z.
2, 13
Let g = -7 - -25. Let h = g + -10. What are the prime factors of h?
2
Let f(v) = v**2 - 9*v. Let z be f(9). Suppose z = -4*w - 4*s + 36, -16 = -4*s - 0*s. What are the prime factors of w?
5
Let d(w) = -2*w**3 - 2*w**2 - 3*w + 1. List the prime factors of d(-3).
2, 23
Suppose 3*b - 3*w + 10 + 20 = 0, 0 = -5*b - w - 38. Let p = -5 - b. List the prime factors of 6/p - (-2 + 0).
2
Suppose 27 = q + 4*s, 6 = 3*q - 3*s - 0. Suppose q + 4 = z. What are the prime factors of z?
11
Suppose b + 2*b - 36 = 0. Let h = 18 - b. List the prime factors of 6/h - (-4)/2.
3
Let f be (-1 + 2)/((-2)/(-92)). Suppose -2*p + 0*o = -2*o - f, -4*p + 92 = -3*o. What are the prime factors of p?
23
Let s(t) = 5*t + t + 2*t - 7*t**2 - 5 - t**3 - 2*t**2. Let k be s(-10). What are the prime factors of (-6)/k + 102/5?
2, 5
List the prime factors of 0*(-5)/20 - (-391)/1.
17, 23
Suppose 4 = -4*w + 4*p, 0 = -4*w - 4*p - 0*p - 4. List the prime factors of (w - 0)*1*-25.
5
Let m(y) = -y - 2. Let g be m(-5). Suppose -u - g*u = 24. Let k = u + 11. List the prime factors of k.
5
Let i(n) = n**2 - n - 1. Let l(a) = -5*a**2 + 3*a + 1. Let s(y) = -4*i(y) - l(y). Suppose -2*u + q = -3*q + 4, -2*u - 3 = -3*q. List the prime factors of s(u).
3
Let k(f) = f**3 + 8*f**2 + 7*f + 6. Let v be 1/(-4) + (-95)/20. What are the prime factors of k(v)?
2, 23
Let y(r) be the first derivative of -r**5/60 + 7*r**4/24 + 2*r**2 - 3. Let d(a) be the second derivative of y(a). What are the prime factors of d(5)?
2, 5
Suppose -16*i = -11*i - 55. Suppose 3*c = 10 + i. List the prime factors of c.
7
Suppose 4*s + f + 0*f - 515 = 0, 3*f - 521 = -4*s. Suppose -5*r - 2*j + s = 0, -r + 40 = -0*r + 4*j. List the prime factors of r.
2, 3
Let q(b) = -b**3 - 4*b**2 + 5*b - 7. Let p be q(-5). Let x(d) = -d - 4. List the prime factors of x(p).
3
Suppose -3*l + 2*l - 7 = 3*h, -2*h = 5*l + 22. List the prime factors of 1 - (-1 + h - 1).
2
Let n = 3 + -1. Suppose -n*k = -0*k. Suppose k = 3*h - 21 - 12. What are the prime factors of h?
11
Let g(s) = -4*s**3 + 3*s**2 + 5. Let y(v) = 7*v**3 - 7*v**2 - 9. Let r(m) = -5*g(m) - 3*y(m). Let c be r(6). Let u = 7 + c. What are the prime factors of u?
3
Let n = 27 + -8. List the prime factors of n.
19
Let s(m) = -m**3 - 7*m**2 - 2*m - 9. Let h be s(-7). Suppose 0 = 2*q + c + 49, 5*c = 2*q - h*q - 84. Let b = q + 33. What are the prime factors of b?
2, 5
Suppose -5*r + j + 0*j = -350, 210 = 3*r + 4*j. List the prime factors of r.
2, 5, 7
Let i(v) = 3*v - 2. Let z be (-3)/(-6) - 6/(-4). List the prime factors of i(z).
2
What are the prime factors of ((-8)/(-1))/(-4) - -18?
2
Suppose -40 = -3*y - h + 11, 0 = -y - 3*h + 25. List the prime factors of y.
2
Suppose -12*h + 230 = -970. What are the prime factors of h?
2, 5
Let f(w) = -w**3 + 4*w**2 + 6*w - 4. Let n be f(5). Suppose 15 + n = -2*y. Let j = 4 - y. What are the prime factors of j?
2, 3
Let g be (-2)/8 - (-216)/(-32). Let k(a) = -2*a + 13. List the prime factors of k(g).
3
Let w(g) = -g + 1. Let q be w(-5). Suppose 0 = 3*c - 13 - 32. Suppose -q*x + x + c = m, x - 9 = m. What are the prime factors of x?
2
Let g = 115 + -72. Let d = g + -27. Suppose 0 = -4*w - 0*w + d. List the prime factors of w.
2
Let u = 10 + -6. Suppose -40 = -4*s - u. List the prime factors of s.
3
Let u(w) = -w**2 - 8*w + 5. Let j(r) = r**2 + 9*r + 2. Let y be j(-8). What are the prime factors of u(y)?
17
Suppose f + 5*r + 7 + 4 = 0, 0 = -2*f + 3*r + 17. What are the prime factors of f?
2
Suppose h + 5 = 2*h. Suppose 5*t + 8 = 5*s - s, 47 = h*s + 3*t. List the prime factors of s.
7
Let r = 17 + -7. Let v = 15 - r. What are the prime factors of v?
5
Suppose 14 = v - 13. List the prime factors of v.
3
Let c(j) = 26*j - 2. List the prime factors of c(2).
2, 5
Suppose 0 = -3*w + 5*n + 21, -w + 3*w = 2*n + 10. Suppose d = -0*d - w*v - 1, 59 = -4*d + 3*v. Let l = d - -17. List the prime factors of l.
2, 3
Let x(t) = -t**3 - 23*t**2 - 8*t - 27. List the prime factors of x(-23).
157
Let m(o) = -8*o - 1. Let u be m(-2). Let t be (-138)/(-6) - (1 - 1). Suppose -4*v + 5*n + u = -5*v, -t = -3*v + 2*n. List the prime factors of v.
5
Let s(g) = 76*g**2 + 4*g + 3. What are the prime factors of s(-1)?
3, 5
Suppose 4*r - r - 59 = z, 3*r - 67 = -z. List the prime factors of r.
3, 7
Let z(w) = w**3 + w**2 + 1. List the prime factors of z(3).
37
Let b(s) = -27*s**2 - s + 2. Let h(m) = 55*m**2 + 2*m - 3. Let c(w) = 7*b(w) + 4*h(w). What are the prime factors of c(-1)?
2
Suppose 3*t - t - h - 8 = 0, t + 4*h = -14. Suppose -t*d + 21 = -3*u, 6*u - 3*u = -9. Suppose d*k = k + 4*n + 110, -3*k + 29 = 5*n. List the prime factors of k.
2, 3
Let o = -19 + 16. What are the prime factors of 1/((-2 - o)/43)?
43
Let r = -7 + 10. Let j = r - -3. What are the prime factors of j?
2, 3
Suppose 3*o - 141 - 165 = c, o - 4*c = 91. What are the prime factors of o?
103
Suppose -5*b + 7*b = 10. Suppose b*d - 60 = 2*w, 2*w - 1 = d - 13. Suppose -m = m - d. List the prime factors of m.
2, 3
Let f(l) = 58*l**3 + 2*l**2 - 2*l + 1. What are the prime factors of f(1)?
59
Let n = -2 - -7. Suppose 3*t + n*u + 13 = 0, 2*t = -2*t - 2*u + 6. List the prime factors of t.
2
Suppose 4*p - 618 + 138 = 0. List the prime factors of p.
2, 3, 5
Let k(f) = -f - 2. Let m be k(-6). Let a(x) = -x**2 - x - 1. Let y(w) = w**3 + 5*w + 9. Let t(i) = -5*a(i) - y(i). List the prime factors of t(m).
2, 3
Suppose -f + 3*t = -45, 2*f + 2*f + t - 154 = 0. What are the prime factors of f?
3, 13
Suppose -3*i = i. Suppose i = 3*w + b - 6*b - 56, 15 = 3*b. What are the prime factors of w?
3
Suppose -4*g = -2*u + 6, -4 = u - 2*u + g. Suppose u*h - 31 = 24. List the prime factors of h.
11
Suppose -w = -2*w - 3*p + 42, -2*w = -p - 105. What are the prime factors of w?
3, 17
Suppose -4*q - q = 0. Suppose -3*r - 2*r + 170 = q. What are the prime factors of r?
2, 17
List the prime factors 